{"id":128,"date":"2022-11-08T12:29:15","date_gmt":"2022-11-08T11:29:15","guid":{"rendered":"https:\/\/delarte.es\/digitart\/?page_id=128"},"modified":"2023-02-24T20:25:57","modified_gmt":"2023-02-24T19:25:57","slug":"bn","status":"publish","type":"page","link":"https:\/\/delarte.es\/digitart\/bn\/","title":{"rendered":"Proyecto 4 Torres"},"content":{"rendered":"\n<div class=\"wp-block-cover is-light has-parallax\"><span aria-hidden=\"true\" class=\"wp-block-cover__background has-background-dim-30 has-background-dim\"><\/span><div role=\"img\" class=\"wp-block-cover__image-background wp-image-1286 has-parallax\" style=\"background-position:50% 50%;background-image:url(https:\/\/delarte.es\/digitart\/wp-content\/uploads\/2023\/01\/D_TP.jpg)\"><\/div><div class=\"wp-block-cover__inner-container is-layout-flow wp-block-cover-is-layout-flow\">\n<p class=\"has-text-align-center has-theme-palette-9-color has-text-color\" style=\"font-size:60px\">Proyecto 4 Torres<\/p>\n<\/div><\/div>\n\n\n\n<div style=\"height:28px\" aria-hidden=\"true\" class=\"wp-block-spacer\"><\/div>\n\n\n\n<div class=\"wp-block-columns is-layout-flex wp-container-core-columns-is-layout-1 wp-block-columns-is-layout-flex\">\n<div class=\"wp-block-column is-layout-flow wp-block-column-is-layout-flow\" style=\"flex-basis:25%\"><\/div>\n\n\n\n<div class=\"wp-block-column is-layout-flow wp-block-column-is-layout-flow\" style=\"flex-basis:50%\">\n<p>Cuatro Torres Business Area es un parque empresarial junto al paseo de la Castellana, en el barrio de La Paz de Madrid, construido entre 2004 y 2009, sobre los terrenos de la antigua Ciudad Deportiva del Real Madrid. Su altura, dise\u00f1o y materiales, as\u00ed como el emplazamiento, distinguen el lugar, otorgando una visi\u00f3n moderna y cosmopolita a esta zona de la capital. <\/p>\n\n\n\n<p>Utilizo el mismo concepto que el usado en el proyecto \u00abMadrid del Cielo\u00bb, la mirada que recorre los edificios hasta su cima, interviniendo aqu\u00ed adem\u00e1s, la composici\u00f3n que establece el di\u00e1logo del complejo, en las diferentes vistas de compactaci\u00f3n o aislamiento de las torres.<\/p>\n<\/div>\n\n\n\n<div class=\"wp-block-column is-layout-flow wp-block-column-is-layout-flow\" style=\"flex-basis:25%\"><\/div>\n<\/div>\n\n\n\n<figure class=\"wp-block-gallery has-nested-images columns-7 is-cropped has-theme-palette-4-background-color has-background wp-block-gallery-1 is-layout-flex wp-block-gallery-is-layout-flex\">\n<figure class=\"wp-block-image size-full\"><a href=\"https:\/\/delarte.es\/digitart\/wp-content\/uploads\/2023\/02\/Fourtowers_1.jpg\"><img loading=\"lazy\" decoding=\"async\" width=\"1219\" height=\"1625\" data-id=\"1564\" src=\"https:\/\/delarte.es\/digitart\/wp-content\/uploads\/2023\/02\/Fourtowers_1.jpg\" alt=\"\" class=\"wp-image-1564\" srcset=\"https:\/\/delarte.es\/digitart\/wp-content\/uploads\/2023\/02\/Fourtowers_1.jpg 1219w, https:\/\/delarte.es\/digitart\/wp-content\/uploads\/2023\/02\/Fourtowers_1-450x600.jpg 450w, https:\/\/delarte.es\/digitart\/wp-content\/uploads\/2023\/02\/Fourtowers_1-810x1080.jpg 810w, https:\/\/delarte.es\/digitart\/wp-content\/uploads\/2023\/02\/Fourtowers_1-768x1024.jpg 768w, https:\/\/delarte.es\/digitart\/wp-content\/uploads\/2023\/02\/Fourtowers_1-1152x1536.jpg 1152w\" sizes=\"auto, (max-width: 1219px) 100vw, 1219px\" \/><\/a><\/figure>\n\n\n\n<figure class=\"wp-block-image size-full\"><a href=\"https:\/\/delarte.es\/digitart\/wp-content\/uploads\/2023\/02\/Fourtowers_2.jpg\"><img loading=\"lazy\" decoding=\"async\" width=\"1625\" height=\"1219\" data-id=\"1565\" src=\"https:\/\/delarte.es\/digitart\/wp-content\/uploads\/2023\/02\/Fourtowers_2.jpg\" alt=\"\" class=\"wp-image-1565\" srcset=\"https:\/\/delarte.es\/digitart\/wp-content\/uploads\/2023\/02\/Fourtowers_2.jpg 1625w, https:\/\/delarte.es\/digitart\/wp-content\/uploads\/2023\/02\/Fourtowers_2-600x450.jpg 600w, https:\/\/delarte.es\/digitart\/wp-content\/uploads\/2023\/02\/Fourtowers_2-1440x1080.jpg 1440w, https:\/\/delarte.es\/digitart\/wp-content\/uploads\/2023\/02\/Fourtowers_2-768x576.jpg 768w, https:\/\/delarte.es\/digitart\/wp-content\/uploads\/2023\/02\/Fourtowers_2-1536x1152.jpg 1536w\" sizes=\"auto, (max-width: 1625px) 100vw, 1625px\" \/><\/a><\/figure>\n\n\n\n<figure class=\"wp-block-image size-full\"><a href=\"https:\/\/delarte.es\/digitart\/wp-content\/uploads\/2023\/02\/Fourtowers_3.jpg\"><img loading=\"lazy\" decoding=\"async\" width=\"1625\" height=\"1219\" data-id=\"1566\" src=\"https:\/\/delarte.es\/digitart\/wp-content\/uploads\/2023\/02\/Fourtowers_3.jpg\" alt=\"\" class=\"wp-image-1566\" srcset=\"https:\/\/delarte.es\/digitart\/wp-content\/uploads\/2023\/02\/Fourtowers_3.jpg 1625w, https:\/\/delarte.es\/digitart\/wp-content\/uploads\/2023\/02\/Fourtowers_3-600x450.jpg 600w, https:\/\/delarte.es\/digitart\/wp-content\/uploads\/2023\/02\/Fourtowers_3-1440x1080.jpg 1440w, https:\/\/delarte.es\/digitart\/wp-content\/uploads\/2023\/02\/Fourtowers_3-768x576.jpg 768w, https:\/\/delarte.es\/digitart\/wp-content\/uploads\/2023\/02\/Fourtowers_3-1536x1152.jpg 1536w\" sizes=\"auto, (max-width: 1625px) 100vw, 1625px\" \/><\/a><\/figure>\n\n\n\n<figure class=\"wp-block-image size-full\"><a href=\"https:\/\/delarte.es\/digitart\/wp-content\/uploads\/2023\/02\/Fourtowers_4.jpg\"><img loading=\"lazy\" decoding=\"async\" width=\"1206\" height=\"1625\" data-id=\"1567\" src=\"https:\/\/delarte.es\/digitart\/wp-content\/uploads\/2023\/02\/Fourtowers_4.jpg\" alt=\"\" class=\"wp-image-1567\" srcset=\"https:\/\/delarte.es\/digitart\/wp-content\/uploads\/2023\/02\/Fourtowers_4.jpg 1206w, https:\/\/delarte.es\/digitart\/wp-content\/uploads\/2023\/02\/Fourtowers_4-445x600.jpg 445w, https:\/\/delarte.es\/digitart\/wp-content\/uploads\/2023\/02\/Fourtowers_4-802x1080.jpg 802w, https:\/\/delarte.es\/digitart\/wp-content\/uploads\/2023\/02\/Fourtowers_4-768x1035.jpg 768w, https:\/\/delarte.es\/digitart\/wp-content\/uploads\/2023\/02\/Fourtowers_4-1140x1536.jpg 1140w\" sizes=\"auto, (max-width: 1206px) 100vw, 1206px\" \/><\/a><\/figure>\n\n\n\n<figure class=\"wp-block-image size-full\"><a href=\"https:\/\/delarte.es\/digitart\/wp-content\/uploads\/2023\/02\/Fourtowers_5.jpg\"><img loading=\"lazy\" decoding=\"async\" width=\"1219\" height=\"1625\" data-id=\"1568\" src=\"https:\/\/delarte.es\/digitart\/wp-content\/uploads\/2023\/02\/Fourtowers_5.jpg\" alt=\"\" class=\"wp-image-1568\" srcset=\"https:\/\/delarte.es\/digitart\/wp-content\/uploads\/2023\/02\/Fourtowers_5.jpg 1219w, https:\/\/delarte.es\/digitart\/wp-content\/uploads\/2023\/02\/Fourtowers_5-450x600.jpg 450w, https:\/\/delarte.es\/digitart\/wp-content\/uploads\/2023\/02\/Fourtowers_5-810x1080.jpg 810w, https:\/\/delarte.es\/digitart\/wp-content\/uploads\/2023\/02\/Fourtowers_5-768x1024.jpg 768w, https:\/\/delarte.es\/digitart\/wp-content\/uploads\/2023\/02\/Fourtowers_5-1152x1536.jpg 1152w\" sizes=\"auto, (max-width: 1219px) 100vw, 1219px\" \/><\/a><\/figure>\n\n\n\n<figure class=\"wp-block-image size-full\"><a href=\"https:\/\/delarte.es\/digitart\/wp-content\/uploads\/2023\/02\/Fourtowers_6.jpg\"><img loading=\"lazy\" decoding=\"async\" width=\"1625\" height=\"1219\" data-id=\"1569\" src=\"https:\/\/delarte.es\/digitart\/wp-content\/uploads\/2023\/02\/Fourtowers_6.jpg\" alt=\"\" class=\"wp-image-1569\" srcset=\"https:\/\/delarte.es\/digitart\/wp-content\/uploads\/2023\/02\/Fourtowers_6.jpg 1625w, https:\/\/delarte.es\/digitart\/wp-content\/uploads\/2023\/02\/Fourtowers_6-600x450.jpg 600w, https:\/\/delarte.es\/digitart\/wp-content\/uploads\/2023\/02\/Fourtowers_6-1440x1080.jpg 1440w, https:\/\/delarte.es\/digitart\/wp-content\/uploads\/2023\/02\/Fourtowers_6-768x576.jpg 768w, https:\/\/delarte.es\/digitart\/wp-content\/uploads\/2023\/02\/Fourtowers_6-1536x1152.jpg 1536w\" sizes=\"auto, (max-width: 1625px) 100vw, 1625px\" \/><\/a><\/figure>\n\n\n\n<figure class=\"wp-block-image size-full\"><a href=\"https:\/\/delarte.es\/digitart\/wp-content\/uploads\/2023\/02\/Fourtowers_7.jpg\"><img loading=\"lazy\" decoding=\"async\" width=\"1219\" height=\"1625\" data-id=\"1570\" src=\"https:\/\/delarte.es\/digitart\/wp-content\/uploads\/2023\/02\/Fourtowers_7.jpg\" alt=\"\" class=\"wp-image-1570\" srcset=\"https:\/\/delarte.es\/digitart\/wp-content\/uploads\/2023\/02\/Fourtowers_7.jpg 1219w, https:\/\/delarte.es\/digitart\/wp-content\/uploads\/2023\/02\/Fourtowers_7-450x600.jpg 450w, https:\/\/delarte.es\/digitart\/wp-content\/uploads\/2023\/02\/Fourtowers_7-810x1080.jpg 810w, https:\/\/delarte.es\/digitart\/wp-content\/uploads\/2023\/02\/Fourtowers_7-768x1024.jpg 768w, https:\/\/delarte.es\/digitart\/wp-content\/uploads\/2023\/02\/Fourtowers_7-1152x1536.jpg 1152w\" sizes=\"auto, (max-width: 1219px) 100vw, 1219px\" \/><\/a><\/figure>\n\n\n\n<figure class=\"wp-block-image size-full\"><a href=\"https:\/\/delarte.es\/digitart\/wp-content\/uploads\/2023\/02\/Fourtowers_8.jpg\"><img loading=\"lazy\" decoding=\"async\" width=\"1219\" height=\"1625\" data-id=\"1571\" src=\"https:\/\/delarte.es\/digitart\/wp-content\/uploads\/2023\/02\/Fourtowers_8.jpg\" alt=\"\" class=\"wp-image-1571\" srcset=\"https:\/\/delarte.es\/digitart\/wp-content\/uploads\/2023\/02\/Fourtowers_8.jpg 1219w, https:\/\/delarte.es\/digitart\/wp-content\/uploads\/2023\/02\/Fourtowers_8-450x600.jpg 450w, https:\/\/delarte.es\/digitart\/wp-content\/uploads\/2023\/02\/Fourtowers_8-810x1080.jpg 810w, https:\/\/delarte.es\/digitart\/wp-content\/uploads\/2023\/02\/Fourtowers_8-768x1024.jpg 768w, https:\/\/delarte.es\/digitart\/wp-content\/uploads\/2023\/02\/Fourtowers_8-1152x1536.jpg 1152w\" sizes=\"auto, (max-width: 1219px) 100vw, 1219px\" \/><\/a><\/figure>\n\n\n\n<figure class=\"wp-block-image size-full\"><a href=\"https:\/\/delarte.es\/digitart\/wp-content\/uploads\/2023\/02\/Fourtowers_9.jpg\"><img loading=\"lazy\" decoding=\"async\" width=\"1219\" height=\"1625\" data-id=\"1572\" src=\"https:\/\/delarte.es\/digitart\/wp-content\/uploads\/2023\/02\/Fourtowers_9.jpg\" alt=\"\" class=\"wp-image-1572\" srcset=\"https:\/\/delarte.es\/digitart\/wp-content\/uploads\/2023\/02\/Fourtowers_9.jpg 1219w, https:\/\/delarte.es\/digitart\/wp-content\/uploads\/2023\/02\/Fourtowers_9-450x600.jpg 450w, https:\/\/delarte.es\/digitart\/wp-content\/uploads\/2023\/02\/Fourtowers_9-810x1080.jpg 810w, https:\/\/delarte.es\/digitart\/wp-content\/uploads\/2023\/02\/Fourtowers_9-768x1024.jpg 768w, https:\/\/delarte.es\/digitart\/wp-content\/uploads\/2023\/02\/Fourtowers_9-1152x1536.jpg 1152w\" sizes=\"auto, (max-width: 1219px) 100vw, 1219px\" \/><\/a><\/figure>\n\n\n\n<figure class=\"wp-block-image size-full\"><a href=\"https:\/\/delarte.es\/digitart\/wp-content\/uploads\/2023\/02\/Fourtowers_10.jpg\"><img loading=\"lazy\" decoding=\"async\" width=\"1219\" height=\"1625\" data-id=\"1573\" src=\"https:\/\/delarte.es\/digitart\/wp-content\/uploads\/2023\/02\/Fourtowers_10.jpg\" alt=\"\" class=\"wp-image-1573\" srcset=\"https:\/\/delarte.es\/digitart\/wp-content\/uploads\/2023\/02\/Fourtowers_10.jpg 1219w, https:\/\/delarte.es\/digitart\/wp-content\/uploads\/2023\/02\/Fourtowers_10-450x600.jpg 450w, https:\/\/delarte.es\/digitart\/wp-content\/uploads\/2023\/02\/Fourtowers_10-810x1080.jpg 810w, https:\/\/delarte.es\/digitart\/wp-content\/uploads\/2023\/02\/Fourtowers_10-768x1024.jpg 768w, https:\/\/delarte.es\/digitart\/wp-content\/uploads\/2023\/02\/Fourtowers_10-1152x1536.jpg 1152w\" sizes=\"auto, (max-width: 1219px) 100vw, 1219px\" \/><\/a><\/figure>\n\n\n\n<figure class=\"wp-block-image size-full\"><a href=\"https:\/\/delarte.es\/digitart\/wp-content\/uploads\/2023\/02\/Fourtowers_11.jpg\"><img loading=\"lazy\" decoding=\"async\" width=\"1219\" height=\"1625\" data-id=\"1574\" src=\"https:\/\/delarte.es\/digitart\/wp-content\/uploads\/2023\/02\/Fourtowers_11.jpg\" alt=\"\" class=\"wp-image-1574\" srcset=\"https:\/\/delarte.es\/digitart\/wp-content\/uploads\/2023\/02\/Fourtowers_11.jpg 1219w, https:\/\/delarte.es\/digitart\/wp-content\/uploads\/2023\/02\/Fourtowers_11-450x600.jpg 450w, https:\/\/delarte.es\/digitart\/wp-content\/uploads\/2023\/02\/Fourtowers_11-810x1080.jpg 810w, https:\/\/delarte.es\/digitart\/wp-content\/uploads\/2023\/02\/Fourtowers_11-768x1024.jpg 768w, https:\/\/delarte.es\/digitart\/wp-content\/uploads\/2023\/02\/Fourtowers_11-1152x1536.jpg 1152w\" sizes=\"auto, (max-width: 1219px) 100vw, 1219px\" \/><\/a><\/figure>\n\n\n\n<figure class=\"wp-block-image size-full\"><a href=\"https:\/\/delarte.es\/digitart\/wp-content\/uploads\/2023\/02\/Fourtowers_12.jpg\"><img loading=\"lazy\" decoding=\"async\" width=\"1219\" height=\"1625\" data-id=\"1575\" src=\"https:\/\/delarte.es\/digitart\/wp-content\/uploads\/2023\/02\/Fourtowers_12.jpg\" alt=\"\" class=\"wp-image-1575\" srcset=\"https:\/\/delarte.es\/digitart\/wp-content\/uploads\/2023\/02\/Fourtowers_12.jpg 1219w, https:\/\/delarte.es\/digitart\/wp-content\/uploads\/2023\/02\/Fourtowers_12-450x600.jpg 450w, https:\/\/delarte.es\/digitart\/wp-content\/uploads\/2023\/02\/Fourtowers_12-810x1080.jpg 810w, https:\/\/delarte.es\/digitart\/wp-content\/uploads\/2023\/02\/Fourtowers_12-768x1024.jpg 768w, https:\/\/delarte.es\/digitart\/wp-content\/uploads\/2023\/02\/Fourtowers_12-1152x1536.jpg 1152w\" sizes=\"auto, (max-width: 1219px) 100vw, 1219px\" \/><\/a><\/figure>\n\n\n\n<figure class=\"wp-block-image size-full\"><a href=\"https:\/\/delarte.es\/digitart\/wp-content\/uploads\/2023\/02\/Fourtowers_13.jpg\"><img loading=\"lazy\" decoding=\"async\" width=\"1219\" height=\"1625\" data-id=\"1576\" src=\"https:\/\/delarte.es\/digitart\/wp-content\/uploads\/2023\/02\/Fourtowers_13.jpg\" alt=\"\" class=\"wp-image-1576\" srcset=\"https:\/\/delarte.es\/digitart\/wp-content\/uploads\/2023\/02\/Fourtowers_13.jpg 1219w, https:\/\/delarte.es\/digitart\/wp-content\/uploads\/2023\/02\/Fourtowers_13-450x600.jpg 450w, https:\/\/delarte.es\/digitart\/wp-content\/uploads\/2023\/02\/Fourtowers_13-810x1080.jpg 810w, https:\/\/delarte.es\/digitart\/wp-content\/uploads\/2023\/02\/Fourtowers_13-768x1024.jpg 768w, https:\/\/delarte.es\/digitart\/wp-content\/uploads\/2023\/02\/Fourtowers_13-1152x1536.jpg 1152w\" sizes=\"auto, (max-width: 1219px) 100vw, 1219px\" \/><\/a><\/figure>\n\n\n\n<figure class=\"wp-block-image size-full\"><a href=\"https:\/\/delarte.es\/digitart\/wp-content\/uploads\/2023\/02\/Fourtowers_14.jpg\"><img loading=\"lazy\" decoding=\"async\" width=\"1368\" height=\"1824\" data-id=\"1577\" src=\"https:\/\/delarte.es\/digitart\/wp-content\/uploads\/2023\/02\/Fourtowers_14.jpg\" alt=\"\" class=\"wp-image-1577\" srcset=\"https:\/\/delarte.es\/digitart\/wp-content\/uploads\/2023\/02\/Fourtowers_14.jpg 1368w, https:\/\/delarte.es\/digitart\/wp-content\/uploads\/2023\/02\/Fourtowers_14-450x600.jpg 450w, https:\/\/delarte.es\/digitart\/wp-content\/uploads\/2023\/02\/Fourtowers_14-810x1080.jpg 810w, https:\/\/delarte.es\/digitart\/wp-content\/uploads\/2023\/02\/Fourtowers_14-768x1024.jpg 768w, https:\/\/delarte.es\/digitart\/wp-content\/uploads\/2023\/02\/Fourtowers_14-1152x1536.jpg 1152w\" sizes=\"auto, (max-width: 1368px) 100vw, 1368px\" \/><\/a><\/figure>\n\n\n\n<figure class=\"wp-block-image size-full\"><a href=\"https:\/\/delarte.es\/digitart\/wp-content\/uploads\/2023\/02\/Fourtowers_15.jpg\"><img loading=\"lazy\" decoding=\"async\" width=\"1368\" height=\"1824\" data-id=\"1578\" src=\"https:\/\/delarte.es\/digitart\/wp-content\/uploads\/2023\/02\/Fourtowers_15.jpg\" alt=\"\" class=\"wp-image-1578\" srcset=\"https:\/\/delarte.es\/digitart\/wp-content\/uploads\/2023\/02\/Fourtowers_15.jpg 1368w, https:\/\/delarte.es\/digitart\/wp-content\/uploads\/2023\/02\/Fourtowers_15-450x600.jpg 450w, https:\/\/delarte.es\/digitart\/wp-content\/uploads\/2023\/02\/Fourtowers_15-810x1080.jpg 810w, https:\/\/delarte.es\/digitart\/wp-content\/uploads\/2023\/02\/Fourtowers_15-768x1024.jpg 768w, https:\/\/delarte.es\/digitart\/wp-content\/uploads\/2023\/02\/Fourtowers_15-1152x1536.jpg 1152w\" sizes=\"auto, (max-width: 1368px) 100vw, 1368px\" \/><\/a><\/figure>\n\n\n\n<figure class=\"wp-block-image size-full\"><a href=\"https:\/\/delarte.es\/digitart\/wp-content\/uploads\/2023\/02\/Fourtowers_16.jpg\"><img loading=\"lazy\" decoding=\"async\" width=\"1002\" height=\"1349\" data-id=\"1579\" src=\"https:\/\/delarte.es\/digitart\/wp-content\/uploads\/2023\/02\/Fourtowers_16.jpg\" alt=\"\" class=\"wp-image-1579\" srcset=\"https:\/\/delarte.es\/digitart\/wp-content\/uploads\/2023\/02\/Fourtowers_16.jpg 1002w, https:\/\/delarte.es\/digitart\/wp-content\/uploads\/2023\/02\/Fourtowers_16-446x600.jpg 446w, https:\/\/delarte.es\/digitart\/wp-content\/uploads\/2023\/02\/Fourtowers_16-802x1080.jpg 802w, https:\/\/delarte.es\/digitart\/wp-content\/uploads\/2023\/02\/Fourtowers_16-768x1034.jpg 768w\" sizes=\"auto, (max-width: 1002px) 100vw, 1002px\" \/><\/a><\/figure>\n\n\n\n<figure class=\"wp-block-image size-full\"><a href=\"https:\/\/delarte.es\/digitart\/wp-content\/uploads\/2023\/02\/Fourtowers_17.jpg\"><img loading=\"lazy\" decoding=\"async\" width=\"806\" height=\"1143\" data-id=\"1580\" src=\"https:\/\/delarte.es\/digitart\/wp-content\/uploads\/2023\/02\/Fourtowers_17.jpg\" alt=\"\" class=\"wp-image-1580\" srcset=\"https:\/\/delarte.es\/digitart\/wp-content\/uploads\/2023\/02\/Fourtowers_17.jpg 806w, https:\/\/delarte.es\/digitart\/wp-content\/uploads\/2023\/02\/Fourtowers_17-423x600.jpg 423w, https:\/\/delarte.es\/digitart\/wp-content\/uploads\/2023\/02\/Fourtowers_17-762x1080.jpg 762w, https:\/\/delarte.es\/digitart\/wp-content\/uploads\/2023\/02\/Fourtowers_17-768x1089.jpg 768w\" sizes=\"auto, (max-width: 806px) 100vw, 806px\" \/><\/a><\/figure>\n\n\n\n<figure class=\"wp-block-image size-full\"><a href=\"https:\/\/delarte.es\/digitart\/wp-content\/uploads\/2023\/02\/Fourtowers_18.jpg\"><img loading=\"lazy\" decoding=\"async\" width=\"1302\" height=\"1736\" data-id=\"1581\" src=\"https:\/\/delarte.es\/digitart\/wp-content\/uploads\/2023\/02\/Fourtowers_18.jpg\" alt=\"\" class=\"wp-image-1581\" srcset=\"https:\/\/delarte.es\/digitart\/wp-content\/uploads\/2023\/02\/Fourtowers_18.jpg 1302w, https:\/\/delarte.es\/digitart\/wp-content\/uploads\/2023\/02\/Fourtowers_18-450x600.jpg 450w, https:\/\/delarte.es\/digitart\/wp-content\/uploads\/2023\/02\/Fourtowers_18-810x1080.jpg 810w, https:\/\/delarte.es\/digitart\/wp-content\/uploads\/2023\/02\/Fourtowers_18-768x1024.jpg 768w, https:\/\/delarte.es\/digitart\/wp-content\/uploads\/2023\/02\/Fourtowers_18-1152x1536.jpg 1152w\" sizes=\"auto, (max-width: 1302px) 100vw, 1302px\" \/><\/a><\/figure>\n\n\n\n<figure class=\"wp-block-image size-full\"><a href=\"https:\/\/delarte.es\/digitart\/wp-content\/uploads\/2023\/02\/Fourtowers_19.jpg\"><img loading=\"lazy\" decoding=\"async\" width=\"1368\" height=\"1824\" data-id=\"1582\" src=\"https:\/\/delarte.es\/digitart\/wp-content\/uploads\/2023\/02\/Fourtowers_19.jpg\" alt=\"\" class=\"wp-image-1582\" srcset=\"https:\/\/delarte.es\/digitart\/wp-content\/uploads\/2023\/02\/Fourtowers_19.jpg 1368w, https:\/\/delarte.es\/digitart\/wp-content\/uploads\/2023\/02\/Fourtowers_19-450x600.jpg 450w, https:\/\/delarte.es\/digitart\/wp-content\/uploads\/2023\/02\/Fourtowers_19-810x1080.jpg 810w, https:\/\/delarte.es\/digitart\/wp-content\/uploads\/2023\/02\/Fourtowers_19-768x1024.jpg 768w, https:\/\/delarte.es\/digitart\/wp-content\/uploads\/2023\/02\/Fourtowers_19-1152x1536.jpg 1152w\" sizes=\"auto, (max-width: 1368px) 100vw, 1368px\" \/><\/a><\/figure>\n<\/figure>\n","protected":false},"excerpt":{"rendered":"<p>Cuatro Torres Business Area es un parque empresarial junto al paseo de la Castellana, en el barrio de La Paz de Madrid, construido entre 2004 y 2009, sobre los terrenos de la antigua Ciudad Deportiva del Real Madrid. Su altura, dise\u00f1o y materiales, as\u00ed como el emplazamiento, distinguen el lugar, otorgando una visi\u00f3n moderna y&#8230;<\/p>\n","protected":false},"author":1,"featured_media":0,"parent":0,"menu_order":5,"comment_status":"closed","ping_status":"closed","template":"","meta":{"_uag_custom_page_level_css":"","_kad_post_transparent":"","_kad_post_title":"","_kad_post_layout":"","_kad_post_sidebar_id":"","_kad_post_content_style":"","_kad_post_vertical_padding":"","_kad_post_feature":"","_kad_post_feature_position":"","_kad_post_header":false,"_kad_post_footer":false,"_kad_post_classname":"","footnotes":""},"class_list":["post-128","page","type-page","status-publish","hentry"],"uagb_featured_image_src":{"full":false,"thumbnail":false,"medium":false,"medium_large":false,"large":false,"1536x1536":false,"2048x2048":false},"uagb_author_info":{"display_name":"David-Deliel","author_link":"https:\/\/delarte.es\/digitart\/author\/admin\/"},"uagb_comment_info":0,"uagb_excerpt":"Cuatro Torres Business Area es un parque empresarial junto al paseo de la Castellana, en el barrio de La Paz de Madrid, construido entre 2004 y 2009, sobre los terrenos de la antigua Ciudad Deportiva del Real Madrid. Su altura, dise\u00f1o y materiales, as\u00ed como el emplazamiento, distinguen el lugar, otorgando una visi\u00f3n moderna y...","_links":{"self":[{"href":"https:\/\/delarte.es\/digitart\/wp-json\/wp\/v2\/pages\/128","targetHints":{"allow":["GET"]}}],"collection":[{"href":"https:\/\/delarte.es\/digitart\/wp-json\/wp\/v2\/pages"}],"about":[{"href":"https:\/\/delarte.es\/digitart\/wp-json\/wp\/v2\/types\/page"}],"author":[{"embeddable":true,"href":"https:\/\/delarte.es\/digitart\/wp-json\/wp\/v2\/users\/1"}],"replies":[{"embeddable":true,"href":"https:\/\/delarte.es\/digitart\/wp-json\/wp\/v2\/comments?post=128"}],"version-history":[{"count":18,"href":"https:\/\/delarte.es\/digitart\/wp-json\/wp\/v2\/pages\/128\/revisions"}],"predecessor-version":[{"id":2216,"href":"https:\/\/delarte.es\/digitart\/wp-json\/wp\/v2\/pages\/128\/revisions\/2216"}],"wp:attachment":[{"href":"https:\/\/delarte.es\/digitart\/wp-json\/wp\/v2\/media?parent=128"}],"curies":[{"name":"wp","href":"https:\/\/api.w.org\/{rel}","templated":true}]}}